{"id":139,"date":"2017-12-01T11:30:00","date_gmt":"2017-12-01T11:30:00","guid":{"rendered":"http:\/\/ssmkrosno.pl\/?page_id=139"},"modified":"2018-09-03T19:04:26","modified_gmt":"2018-09-03T19:04:26","slug":"nauczyciele-teoriizespolow","status":"publish","type":"page","link":"http:\/\/ssmkrosno.pl\/?page_id=139","title":{"rendered":"Nauczyciele teorii \/ zespo\u0142\u00f3w"},"content":{"rendered":"<div class=\"supsystic-table-loader spinner\"style=\"background-color:#000000\"><\/div><div id=\"supsystic-table-6_93273\" class=\"supsystic-tables-wrap \" style=\" width:100%; visibility: hidden; \" data-table-width-fixed=\"100%\" ><table id=\"supsystic-table-6\" class=\"supsystic-table border lightboxImg no-border\" data-id=\"6\" data-view-id=\"6_93273\" data-title=\"teoria i zespo\u0142y\" data-currency-format=\"$1,000.00\" data-percent-format=\"10.00%\" data-date-format=\"DD.MM.YYYY\" data-time-format=\"HH:mm\" data-features=\"[&quot;after_table_loaded_script&quot;]\" data-search-value=\"\" data-lightbox-img=\"\" data-head-rows-count=\"1\" data-pagination-length=\"50,100,All\" data-auto-index=\"off\" data-searching-settings=\"{&quot;minChars&quot;:&quot;0&quot;}\" data-lang=\"default\" data-override=\"{&quot;emptyTable&quot;:&quot;&quot;,&quot;info&quot;:&quot;&quot;,&quot;infoEmpty&quot;:&quot;&quot;,&quot;infoFiltered&quot;:&quot;&quot;,&quot;lengthMenu&quot;:&quot;&quot;,&quot;search&quot;:&quot;&quot;,&quot;zeroRecords&quot;:&quot;&quot;,&quot;exportLabel&quot;:&quot;&quot;,&quot;file&quot;:&quot;default&quot;}\" data-merged=\"[]\" data-responsive-mode=\"0\" data-from-history=\"0\" ><thead><tr><th class=\"\" style=\"width:; padding: 0 !important;\"><\/th><th class=\"\" style=\"width:; padding: 0 !important;\"><\/th><\/tr><\/thead><tbody><tr style=\"height:px\" ><td data-cell-id=\"A1\" data-x=\"0\" data-y=\"1\" data-db-index=\"1\" class=\"htLeft color-000000\" data-cell-type=\"text\" data-original-value=\"Du\u0107ka Aleksandra\" data-order=\"Du\u0107ka Aleksandra\" style=\"min-width:30.5128%; \" >Du\u0107ka Aleksandra <\/td><td data-cell-id=\"B1\" data-x=\"1\" data-y=\"1\" data-db-index=\"1\" class=\"color-000000\" data-cell-type=\"text\" data-original-value=\"podstawy rytmiki\" data-order=\"podstawy rytmiki\" style=\"min-width:69.4872%; \" >podstawy rytmiki <\/td><\/tr><tr style=\"height:px\" ><td data-cell-id=\"A2\" data-x=\"0\" data-y=\"2\" data-db-index=\"2\" class=\"htLeft color-000000\" data-cell-type=\"text\" data-original-value=\"Fio\u0142ek-Matuszewska Aleksandra\" data-order=\"Fio\u0142ek-Matuszewska Aleksandra\" >Fio\u0142ek-Matuszewska Aleksandra <\/td><td data-cell-id=\"B2\" data-x=\"1\" data-y=\"2\" data-db-index=\"2\" class=\"color-000000\" data-cell-type=\"text\" data-original-value=\"kszta\u0142cenie s\u0142uchu, harmonia\" data-order=\"kszta\u0142cenie s\u0142uchu, harmonia\" >kszta\u0142cenie s\u0142uchu, harmonia <\/td><\/tr><tr style=\"height:px\" ><td data-cell-id=\"A3\" data-x=\"0\" data-y=\"3\" data-db-index=\"3\" class=\"htLeft color-000000\" data-cell-type=\"text\" data-original-value=\"Lorens Wiktor\" data-order=\"Lorens Wiktor\" >Lorens Wiktor <\/td><td data-cell-id=\"B3\" data-x=\"1\" data-y=\"3\" data-db-index=\"3\" class=\"color-000000\" data-cell-type=\"text\" data-original-value=\"harmonia, zasady muzyki, kszta\u0142cenie s\u0142uchu, formy muzyczne\" data-order=\"harmonia, zasady muzyki, kszta\u0142cenie s\u0142uchu, formy muzyczne\" >harmonia, zasady muzyki, kszta\u0142cenie s\u0142uchu, formy muzyczne <\/td><\/tr><tr style=\"height:px\" ><td data-cell-id=\"A4\" data-x=\"0\" data-y=\"4\" data-db-index=\"4\" class=\"htLeft color-000000\" data-cell-type=\"text\" data-original-value=\"Tomkiewicz Magdalena\" data-order=\"Tomkiewicz Magdalena\" >Tomkiewicz Magdalena <\/td><td data-cell-id=\"B4\" data-x=\"1\" data-y=\"4\" data-db-index=\"4\" class=\"color-000000\" data-cell-type=\"text\" data-original-value=\"kszta\u0142cenie s\u0142uchu, audycje muzyczne, zesp\u00f3\u0142 wokalny, ch\u00f3r\" data-order=\"kszta\u0142cenie s\u0142uchu, audycje muzyczne, zesp\u00f3\u0142 wokalny, ch\u00f3r\" >kszta\u0142cenie s\u0142uchu, audycje muzyczne, zesp\u00f3\u0142 wokalny, ch\u00f3r <\/td><\/tr><tr style=\"height:px\" ><td data-cell-id=\"A5\" data-x=\"0\" data-y=\"5\" data-db-index=\"5\" class=\"htLeft color-000000\" data-cell-type=\"text\" data-original-value=\"Tylka Iwona\" data-order=\"Tylka Iwona\" >Tylka Iwona <\/td><td data-cell-id=\"B5\" data-x=\"1\" data-y=\"5\" data-db-index=\"5\" class=\"color-000000\" data-cell-type=\"text\" data-original-value=\"historia muzyki, formy muzyczne\" data-order=\"historia muzyki, formy muzyczne\" >historia muzyki, formy muzyczne <\/td><\/tr><tr style=\"height:px\" ><td data-cell-id=\"A6\" data-x=\"0\" data-y=\"6\" data-db-index=\"6\" class=\"htLeft\" data-cell-type=\"text\" data-original-value=\"\" data-order=\"\" ><\/td><td data-cell-id=\"B6\" data-x=\"1\" data-y=\"6\" data-db-index=\"6\" class=\"\" data-cell-type=\"text\" data-original-value=\"\" data-order=\"\" ><\/td><\/tr><tr style=\"height:px\" ><td data-cell-id=\"A7\" data-x=\"0\" data-y=\"7\" data-db-index=\"7\" class=\"htLeft\" data-cell-type=\"text\" data-original-value=\"\" data-order=\"\" ><\/td><td data-cell-id=\"B7\" data-x=\"1\" data-y=\"7\" data-db-index=\"7\" class=\"\" data-cell-type=\"text\" data-original-value=\"\" data-order=\"\" ><\/td><\/tr><tr style=\"height:px\" ><td data-cell-id=\"A8\" data-x=\"0\" data-y=\"8\" data-db-index=\"8\" class=\"htLeft\" data-cell-type=\"text\" data-original-value=\"\" data-order=\"\" ><\/td><td data-cell-id=\"B8\" data-x=\"1\" data-y=\"8\" data-db-index=\"8\" class=\"\" data-cell-type=\"text\" data-original-value=\"\" data-order=\"\" ><\/td><\/tr><tr style=\"height:px\" ><td data-cell-id=\"A9\" data-x=\"0\" data-y=\"9\" data-db-index=\"9\" class=\"htLeft\" data-cell-type=\"text\" data-original-value=\"\" data-order=\"\" ><\/td><td data-cell-id=\"B9\" data-x=\"1\" data-y=\"9\" data-db-index=\"9\" class=\"\" data-cell-type=\"text\" data-original-value=\"\" data-order=\"\" ><\/td><\/tr><tr style=\"height:px\" ><td data-cell-id=\"A10\" data-x=\"0\" data-y=\"10\" data-db-index=\"10\" class=\"htLeft\" data-cell-type=\"text\" data-original-value=\"\" data-order=\"\" ><\/td><td data-cell-id=\"B10\" data-x=\"1\" data-y=\"10\" data-db-index=\"10\" class=\"\" data-cell-type=\"text\" data-original-value=\"\" data-order=\"\" ><\/td><\/tr><\/tbody><\/table><!-- \/#supsystic-table-6.supsystic-table --><\/div><!-- \/.supsystic-tables-wrap --><!-- Tables Generator by Supsystic --><!-- Version:1.10.45 --><!-- http:\/\/supsystic.com\/ --><a title=\"WordPress Tables Plugin\" style=\"display:none;\" href=\"https:\/\/supsystic.com\/plugins\/wordpress-data-table-plugin\/?utm_medium=love_link\" target=\"_blank\">WordPress Tables Plugin<\/a>\n","protected":false},"excerpt":{"rendered":"","protected":false},"author":2,"featured_media":0,"parent":0,"menu_order":0,"comment_status":"closed","ping_status":"closed","template":"","meta":{"footnotes":""},"class_list":["post-139","page","type-page","status-publish","hentry"],"_links":{"self":[{"href":"http:\/\/ssmkrosno.pl\/index.php?rest_route=\/wp\/v2\/pages\/139","targetHints":{"allow":["GET"]}}],"collection":[{"href":"http:\/\/ssmkrosno.pl\/index.php?rest_route=\/wp\/v2\/pages"}],"about":[{"href":"http:\/\/ssmkrosno.pl\/index.php?rest_route=\/wp\/v2\/types\/page"}],"author":[{"embeddable":true,"href":"http:\/\/ssmkrosno.pl\/index.php?rest_route=\/wp\/v2\/users\/2"}],"replies":[{"embeddable":true,"href":"http:\/\/ssmkrosno.pl\/index.php?rest_route=%2Fwp%2Fv2%2Fcomments&post=139"}],"version-history":[{"count":3,"href":"http:\/\/ssmkrosno.pl\/index.php?rest_route=\/wp\/v2\/pages\/139\/revisions"}],"predecessor-version":[{"id":143,"href":"http:\/\/ssmkrosno.pl\/index.php?rest_route=\/wp\/v2\/pages\/139\/revisions\/143"}],"wp:attachment":[{"href":"http:\/\/ssmkrosno.pl\/index.php?rest_route=%2Fwp%2Fv2%2Fmedia&parent=139"}],"curies":[{"name":"wp","href":"https:\/\/api.w.org\/{rel}","templated":true}]}}