{"id":739,"date":"2020-08-31T20:10:55","date_gmt":"2020-08-31T20:10:55","guid":{"rendered":"http:\/\/ssmkrosno.pl\/?page_id=739"},"modified":"2020-08-31T20:16:17","modified_gmt":"2020-08-31T20:16:17","slug":"regulamin","status":"publish","type":"page","link":"http:\/\/ssmkrosno.pl\/?page_id=739","title":{"rendered":"Regulamin"},"content":{"rendered":"<p align=\"CENTER\"><span style=\"font-family: sans-serif;\"><span style=\"font-size: xx-large;\"><b>REGULAMIN FUNKCJONOWANIA SPO\u0141ECZNEJ SZKO\u0141Y MUZYCZNEJ W KRO\u015aNIE W OKRESIE EPIDEMII<\/b><\/span><\/span><\/p>\n<p align=\"CENTER\"><span style=\"font-family: sans-serif;\"><span style=\"font-size: large;\">Regulamin zosta\u0142<\/span><\/span> <span style=\"font-family: sans-serif;\"><span style=\"font-size: large;\">opracowany na podstawie wytycznych G\u0142\u00f3wnego Inspektora Sanitarnego, Ministra Zdrowia i Ministra Edukacji Narodowej dla szk\u00f3\u0142<\/span><\/span> <span style=\"font-family: sans-serif;\"><span style=\"font-size: large;\">i plac\u00f3wek o\u015bwiatowych.<\/span><\/span><\/p>\n<p><b><span style=\"font-family: sans-serif;\"><span style=\"font-size: large;\">I UCZE\u0143<\/span><\/span> <span style=\"font-family: sans-serif;\"><span style=\"font-size: large;\">W SZKOLE<\/span><\/span><\/b><\/p>\n<p><span style=\"font-family: sans-serif;\"><span style=\"font-size: large;\">1.Do szko\u0142y mo\u017ce ucz\u0119szcza\u0107<\/span><\/span> <span style=\"font-family: sans-serif;\"><span style=\"font-size: large;\">tylko ucze\u0144<\/span><\/span> <span style=\"font-family: sans-serif;\"><span style=\"font-size: large;\">zdrowy, bez objaw\u00f3w chorobowych sugeruj\u0105cych infekcj\u0119 dr\u00f3g oddechowych. Uczniowie z katarem, kaszlem, gor\u0105czk\u0105, bez wzgl\u0119du na ich pochodzenie nie mog\u0105<\/span><\/span> <span style=\"font-family: sans-serif;\"><span style=\"font-size: large;\">wej\u015b\u0107<\/span><\/span> <span style=\"font-family: sans-serif;\"><span style=\"font-size: large;\">na teren szko\u0142y.<\/span><\/span><\/p>\n<p><span style=\"font-family: sans-serif;\"><span style=\"font-size: large;\">2.W przypadku zaobserwowania objaw\u00f3w wymienionych w pkt. 1, ucze\u0144<\/span><\/span> <span style=\"font-family: sans-serif;\"><span style=\"font-size: large;\">zostaje odizolowany od reszty klasy, a o konieczno\u015bci zabrania go ze szko\u0142y zostan\u0105<\/span><\/span> <span style=\"font-family: sans-serif;\"><span style=\"font-size: large;\">powiadomieni rodzice. W razie braku wsp\u00f3\u0142pracy z rodzicami szko\u0142a powiadamia tak\u017ce inspekcj\u0119<\/span><\/span> <span style=\"font-family: sans-serif;\"><span style=\"font-size: large;\">sanitarn\u0105 oraz s\u0142u\u017cby medyczne.<\/span><\/span><\/p>\n<p><span style=\"font-family: sans-serif;\"><span style=\"font-size: large;\">3.Ucze\u0144<\/span><\/span> <span style=\"font-family: sans-serif;\"><span style=\"font-size: large;\">utrzymuje 1,5-metrowy dystans spo\u0142eczny je\u015bli tylko jest to mo\u017cliwe.<\/span><\/span><\/p>\n<p><span style=\"font-family: sans-serif;\"><span style=\"font-size: large;\">4.Ucze\u0144<\/span><\/span> <span style=\"font-family: sans-serif;\"><span style=\"font-size: large;\">zakrywa usta i nos dop\u00f3ki pozostaje na terenie szko\u0142y. Ucze\u0144<\/span><\/span> <span style=\"font-family: sans-serif;\"><span style=\"font-size: large;\">mo\u017ce zdj\u0105\u0107<\/span><\/span> <span style=\"font-family: sans-serif;\"><span style=\"font-size: large;\">mask\u0119<\/span><\/span> <span style=\"font-family: sans-serif;\"><span style=\"font-size: large;\">lub przy\u0142bic\u0119 dopiero po zaj\u0119ciu miejsca w sali lekcyjnej. Pozostaje natomiast obowi\u0105zek utrzymywania dystansu spo\u0142ecznego pomi\u0119dzy uczniem i nauczycielem. W sytuacji konieczno\u015bci skr\u00f3cenia dystansu, ucze\u0144 zakrywa usta i nos.<\/span><\/span><\/p>\n<p><span style=\"font-family: sans-serif;\"><span style=\"font-size: large;\">5.Ucze\u0144<\/span><\/span> <span style=\"font-family: sans-serif;\"><span style=\"font-size: large;\">cz\u0119sto myje lub dezynfekuje r\u0119ce. Czyni to zaraz po wej\u015bciu do budynku szko\u0142y.<\/span><\/span><\/p>\n<p><span style=\"font-family: sans-serif;\"><span style=\"font-size: large;\">6.Ucze\u0144<\/span><\/span> <span style=\"font-family: sans-serif;\"><span style=\"font-size: large;\">posiada w\u0142asne przybory szkolne. Nie wymienia si\u0119<\/span><\/span> <span style=\"font-family: sans-serif;\"><span style=\"font-size: large;\">nimi w trakcie pobytu na terenie szko\u0142y. Nie przynosi niepotrzebnych przedmiot\u00f3w.<\/span><\/span><\/p>\n<p><span style=\"font-family: sans-serif;\"><span style=\"font-size: large;\"><b>II RODZIC\/OPIEKUN W SZKOLE<\/b><\/span><\/span><\/p>\n<p><span style=\"font-family: sans-serif;\"><span style=\"font-size: large;\">1.Do szko\u0142y przyprowadzi\u0107<\/span><\/span> <span style=\"font-family: sans-serif;\"><span style=\"font-size: large;\">ucznia mo\u017ce tylko rodzic lub opiekun zdrowy, bez objaw\u00f3w infekcji g\u00f3rnych dr\u00f3g oddechowych (katar, kaszel, gor\u0105czka).<\/span><\/span><\/p>\n<p><span style=\"font-family: sans-serif;\"><span style=\"font-size: large;\">2.Rodzic lub opiekun jest zobowi\u0105zany bezwarunkowo zakrywa\u0107<\/span><\/span> <span style=\"font-family: sans-serif;\"><span style=\"font-size: large;\">usta i nos na terenie szko\u0142y oraz utrzymywa\u0107<\/span><\/span> <span style=\"font-family: sans-serif;\"><span style=\"font-size: large;\">dystans spo\u0142eczny 1,5 metra, je\u015bli jest to mo\u017cliwe.<\/span><\/span><\/p>\n<p><span style=\"font-family: sans-serif;\"><span style=\"font-size: large;\">3.Rodzic lub opiekun ogranicza czas przebywania na terenie szko\u0142y do niezb\u0119dnego minimum, a po wej\u015bciu do budynku dezynfekuje r\u0119ce przy pomocy p\u0142ynu.<\/span><\/span><\/p>\n<p><span style=\"font-family: sans-serif;\"><span style=\"font-size: large;\">4.Rodzic lub opiekun jest zobowi\u0105zany do natychmiastowego odebrania odizolowanego ucznia ze szko\u0142y, je\u015bli otrzyma takie powiadomienie. W przypadku braku wsp\u00f3\u0142pracy o zdarzeniu zostan\u0105 powiadomione s\u0142u\u017cby sanitarne i medyczne.<\/span><\/span><\/p>\n<p><span style=\"font-family: sans-serif;\"><span style=\"font-size: large;\">5.Rodzic lub opiekun jest w sta\u0142ym kontakcie ze szko\u0142\u0105<\/span><\/span> <span style=\"font-family: sans-serif;\"><span style=\"font-size: large;\">przy pomocy dziennika elektronicznego, telefonu i poczty elektronicznej. <\/span><\/span><\/p>\n<p><span style=\"font-family: sans-serif;\"><span style=\"font-size: large;\">6.Rodzic lub opiekun uwra\u017cliwia dziecko na konieczno\u015b\u0107<\/span><\/span> <span style=\"font-family: sans-serif;\"><span style=\"font-size: large;\">zastosowania \u015brodk\u00f3w ostro\u017cno\u015bci wynikaj\u0105cych z niniejszego regulaminu.<\/span><\/span><\/p>\n<p><span style=\"font-family: sans-serif;\"><span style=\"font-size: large;\"><b>III NAUCZYCIEL W SZKOLE<\/b><\/span><\/span><\/p>\n<p><span style=\"font-family: sans-serif;\"><span style=\"font-size: large;\">1.Na terenie szko\u0142y nauczyciel jest zobowi\u0105zany do przestrzegania 1,5-metrowego dystansu spo\u0142ecznego, kiedy jest to mo\u017cliwe, oraz do zakrywania ust i nosa, z wyj\u0105tkiem zaj\u0119\u0107<\/span><\/span> <span style=\"font-family: sans-serif;\"><span style=\"font-size: large;\">lekcyjnych. Podczas zaj\u0119\u0107<\/span><\/span> <span style=\"font-family: sans-serif;\"><span style=\"font-size: large;\">nauczyciel korzysta z zas\u0142ony ust i nosa w momencie konieczno\u015bci skr\u00f3cenia 1,5-metrowego dystansu.<\/span><\/span><\/p>\n<p><span style=\"font-family: sans-serif;\"><span style=\"font-size: large;\">2.Nauczyciel nieustannie przypomina uczniom zasady obowi\u0105zuj\u0105ce na terenie szko\u0142y oraz dba o ich przestrzeganie.<\/span><\/span><\/p>\n<p><span style=\"font-family: sans-serif;\"><span style=\"font-size: large;\">3.Nauczyciel wietrzy sal\u0119<\/span><\/span> <span style=\"font-family: sans-serif;\"><span style=\"font-size: large;\">lekcyjn\u0105<\/span><\/span> <span style=\"font-family: sans-serif;\"><span style=\"font-size: large;\">nie rzadziej ni\u017c<\/span><\/span> <span style=\"font-family: sans-serif;\"><span style=\"font-size: large;\">raz na godzin\u0119.<\/span><\/span><\/p>\n<p><span style=\"font-family: sans-serif;\"><span style=\"font-size: large;\">4.Nauczyciel powiadamia s\u0142u\u017cby porz\u0105dkowe szko\u0142y o potrzebie dezynfekcji sprz\u0119t\u00f3w szkolnych, a w razie potrzeby sam dezynfekuje sal\u0119<\/span><\/span> <span style=\"font-family: sans-serif;\"><span style=\"font-size: large;\">przy pomocy udost\u0119pnionych mu p\u0142yn\u00f3w.<\/span><\/span><\/p>\n<p><span style=\"font-family: sans-serif;\"><span style=\"font-size: large;\">5.W przypadku konieczno\u015bci odizolowania ucznia nauczyciel prosi ucz\u0105cego najbli\u017cej nauczyciela o konieczno\u015bci tymczasowego dozoru klasy (ucznia) i odprowadza ucznia do sali nr 18, zachowuj\u0105c przy tym dystans minimum 2 metr\u00f3w. Natychmiast powiadamia rodzic\u00f3w o konieczno\u015bci odebrania ucznia ze szko\u0142y.<\/span><\/span><\/p>\n<p><span style=\"font-family: sans-serif;\"><span style=\"font-size: large;\">6.Nauczyciel prowadz\u0105cy zaj\u0119cia indywidualne z uczniem dezynfekuje sprz\u0119t szkolny przy u\u017cyciu p\u0142yn\u00f3w b\u0119d\u0105cych na stanie sali lub przekazanych nauczycielowi. W przypadku braku p\u0142ynu, nauczyciel niezw\u0142ocznie uzupe\u0142nia dozownik na portierni.<\/span><\/span><\/p>\n<p><span style=\"font-family: sans-serif;\"><span style=\"font-size: large;\"><b>IV INNY PRACOWNIK SZKO\u0141Y<\/b><\/span><\/span><\/p>\n<p><span style=\"font-family: sans-serif;\"><span style=\"font-size: large;\">1.Inni pracownicy szko\u0142y s\u0105<\/span><\/span> <span style=\"font-family: sans-serif;\"><span style=\"font-size: large;\">zobowi\u0105zani do przestrzegania 1,5-metrowego dystansu spo\u0142ecznego, je\u015bli jest to mo\u017cliwe. <\/span><\/span><\/p>\n<p><span style=\"font-family: sans-serif;\"><span style=\"font-size: large;\">2.Pracownicy s\u0105<\/span><\/span> <span style=\"font-family: sans-serif;\"><span style=\"font-size: large;\">zobowi\u0105zani do zakrywania ust i nosa na terenie szko\u0142y. Wyj\u0105tkiem s\u0105<\/span><\/span> <span style=\"font-family: sans-serif;\"><span style=\"font-size: large;\">statyczne lub pojedyncze stanowiska pracy oraz brak kontaktu z osobami spoza tych stanowisk.<\/span><\/span><\/p>\n<p><span style=\"font-family: sans-serif;\"><span style=\"font-size: large;\">3.S\u0142u\u017cby porz\u0105dkowe szko\u0142y dbaj\u0105<\/span><\/span> <span style=\"font-family: sans-serif;\"><span style=\"font-size: large;\">o dezynfekcj\u0119<\/span><\/span> <span style=\"font-family: sans-serif;\"><span style=\"font-size: large;\">pomieszcze\u0144<\/span><\/span> <span style=\"font-family: sans-serif;\"><span style=\"font-size: large;\">oraz wietrzenie cz\u0119\u015bci wsp\u00f3lnych budynku.<\/span><\/span><\/p>\n<p><span style=\"font-family: sans-serif;\"><span style=\"font-size: large;\">4.S\u0142u\u017cby porz\u0105dkowe dezynfekuj\u0105<\/span><\/span> <span style=\"font-family: sans-serif;\"><span style=\"font-size: large;\">klamki i por\u0119cze nie rzadziej ni\u017c<\/span><\/span> <span style=\"font-family: sans-serif;\"><span style=\"font-size: large;\">raz na godzin\u0119.<\/span><\/span><\/p>\n<p><span style=\"font-family: sans-serif;\"><span style=\"font-size: large;\"><b>V ORGANIZACJA BUDYNKU SZKO\u0141Y<\/b><\/span><\/span><\/p>\n<p><span style=\"font-family: sans-serif;\"><span style=\"font-size: large;\">1. Uczniowie Spo\u0142ecznej Szko\u0142y Muzycznej wchodz\u0105 na teren budynku wej\u015bciem g\u0142\u00f3wnym.<\/span><\/span><\/p>\n<p><span style=\"font-family: sans-serif;\"><span style=\"font-size: large;\">2. Szatnia dla uczni\u00f3w Spo\u0142ecznej Szko\u0142y Muzycznej znajduje si\u0119 naprzeciw wej\u015bcia g\u0142\u00f3wnego.<\/span><\/span><\/p>\n<p><span style=\"font-family: sans-serif;\"><span style=\"font-size: large;\">3.Izolatorium znajduje si\u0119<\/span><\/span> <span style=\"font-family: sans-serif;\"><span style=\"font-size: large;\">w sali nr 18<\/span><\/span><\/p>\n<div id=\"Sekcja3\" dir=\"LTR\">\n<p><a name=\"outerContainer\"><\/a><\/p>\n<div id=\"Sekcja4\" dir=\"LTR\">\n<p><a name=\"mainContainer\"><\/a><\/p>\n<\/div>\n<\/div>\n<p>&nbsp;<\/p>\n<p>&nbsp;<\/p>\n<p>&nbsp;<\/p>\n<p>Do pobrania:<\/p>\n<p>&nbsp;<\/p>\n<p><a href=\"http:\/\/ssmkrosno.pl\/wp-content\/uploads\/2020\/08\/Regulamin-SSM-COVID-19.odt\">Regulamin SSM (COVID-19)<\/a><\/p>\n","protected":false},"excerpt":{"rendered":"<p>REGULAMIN FUNKCJONOWANIA SPO\u0141ECZNEJ SZKO\u0141Y MUZYCZNEJ W KRO\u015aNIE W OKRESIE EPIDEMII Regulamin zosta\u0142 opracowany na podstawie wytycznych G\u0142\u00f3wnego Inspektora Sanitarnego, Ministra Zdrowia i Ministra Edukacji Narodowej dla szk\u00f3\u0142 i plac\u00f3wek o\u015bwiatowych. I UCZE\u0143 W SZKOLE 1.Do szko\u0142y mo\u017ce ucz\u0119szcza\u0107 tylko ucze\u0144 zdrowy, bez objaw\u00f3w chorobowych sugeruj\u0105cych infekcj\u0119 dr\u00f3g oddechowych. Uczniowie z katarem, kaszlem, gor\u0105czk\u0105, bez wzgl\u0119du &hellip; <a href=\"http:\/\/ssmkrosno.pl\/?page_id=739\" class=\"more-link\">Czytaj dalej <span class=\"screen-reader-text\">Regulamin<\/span> <span class=\"meta-nav\">&rarr;<\/span><\/a><\/p>\n","protected":false},"author":2,"featured_media":0,"parent":51,"menu_order":0,"comment_status":"closed","ping_status":"closed","template":"","meta":{"footnotes":""},"class_list":["post-739","page","type-page","status-publish","hentry"],"_links":{"self":[{"href":"http:\/\/ssmkrosno.pl\/index.php?rest_route=\/wp\/v2\/pages\/739","targetHints":{"allow":["GET"]}}],"collection":[{"href":"http:\/\/ssmkrosno.pl\/index.php?rest_route=\/wp\/v2\/pages"}],"about":[{"href":"http:\/\/ssmkrosno.pl\/index.php?rest_route=\/wp\/v2\/types\/page"}],"author":[{"embeddable":true,"href":"http:\/\/ssmkrosno.pl\/index.php?rest_route=\/wp\/v2\/users\/2"}],"replies":[{"embeddable":true,"href":"http:\/\/ssmkrosno.pl\/index.php?rest_route=%2Fwp%2Fv2%2Fcomments&post=739"}],"version-history":[{"count":4,"href":"http:\/\/ssmkrosno.pl\/index.php?rest_route=\/wp\/v2\/pages\/739\/revisions"}],"predecessor-version":[{"id":745,"href":"http:\/\/ssmkrosno.pl\/index.php?rest_route=\/wp\/v2\/pages\/739\/revisions\/745"}],"up":[{"embeddable":true,"href":"http:\/\/ssmkrosno.pl\/index.php?rest_route=\/wp\/v2\/pages\/51"}],"wp:attachment":[{"href":"http:\/\/ssmkrosno.pl\/index.php?rest_route=%2Fwp%2Fv2%2Fmedia&parent=739"}],"curies":[{"name":"wp","href":"https:\/\/api.w.org\/{rel}","templated":true}]}}